{"id":6751,"date":"2023-12-08T09:35:45","date_gmt":"2023-12-08T08:35:45","guid":{"rendered":"https:\/\/cms.bv.ownstack.net\/imprint\/"},"modified":"2026-04-15T14:29:43","modified_gmt":"2026-04-15T12:29:43","slug":"imprint","status":"publish","type":"page","link":"https:\/\/emag.baerenreiter.com\/en\/imprint\/","title":{"rendered":"Imprint"},"content":{"rendered":"<div class=\"grve-section grve-row-section grve-fullwidth-background grve-padding-top-1x grve-padding-bottom-1x grve-with-bg-transparent\" data-header-color=\"default\"><div class=\"grve-container\"><div class=\"grve-row grve-bookmark grve-columns-gap-default grve-mobile-vertical-gap-30\"><div class=\"grve-column wpb_column grve-bookmark grve-column-1  grve-with-bg-transparent\"><div class=\"grve-column-wrapper\"><div class=\"grve-column-content\" ><h2 class=\"grve-element grve-title grve-align-center grve-h3\"><span>Imprint<\/span><\/h2><div class=\"grve-element grve-divider brv-custom-divider\"><div class=\"grve-line-divider grve-border\"><\/div><\/div><\/div><\/div><\/div><div class=\"grve-column wpb_column grve-bookmark grve-column-1-5  grve-with-bg-transparent grve-empty-column\"><div class=\"grve-column-wrapper\"><div class=\"grve-column-content\" ><\/div><\/div><\/div><div class=\"grve-column wpb_column grve-bookmark grve-column-3-5  grve-with-bg-transparent\"><div class=\"grve-column-wrapper\"><div class=\"grve-column-content\" ><div class=\"grve-element grve-text\">\r\n\t\t\t<p>B\u00e4renreiter-Verlag Karl V\u00f6tterle GmbH &amp; Co. KG<br \/>\nHeinrich-Sch\u00fctz-Allee 35-37<br \/>\n34131 Kassel<br \/>\nGermany<\/p>\n<p>Phone: +49 561 3105-0<br \/>\nFax: +49 561 3105-240<br \/>\n<a class=\"mail\" title=\"\u00d6ffnet ein Fenster zum Versenden der E-Mail\">info@baerenreiter.com\u00a0<\/a><br \/>\n<a class=\"external-link-new-window\" title=\"http:\/\/www.baerenreiter.com\/\" href=\"http:\/\/www.baerenreiter.com\/\" target=\"_blank\" rel=\"noopener\">www.baerenreiter.com<\/a><\/p>\n<p>Managing Directors: Prof. h.c. Barbara Scheuch-V\u00f6tterle, Leonhard Scheuch, Clemens Scheuch<br \/>\nCompanies&#8217; Register: Registergericht Kassel HRA 6553<br \/>\nKomplement\u00e4rin: V\u00f6tterle-Verm\u00f6gensverwaltungs-GmbH Kassel HR B 3965<br \/>\nVAT-No.: DE113096830<\/p>\n<p>Technology:\u00a0<a class=\"external-link-new-window\" href=\"https:\/\/www.datawerk.de\/\" target=\"_blank\" rel=\"noopener\">datawerk_<\/a>, Kassel, Germany<br \/>\nDatabase:\u00a0<a class=\"external-link-new-window\" title=\"http:\/\/www.de-parcon.de\" href=\"http:\/\/www.de-parcon.de\/\" target=\"_self\" rel=\"noopener\">DE-PARCON<\/a>, H\u00fcrth, Germany<br \/>\nPhotographs complete edition: Paavo Bl\u00e5field,\u00a0<a class=\"external-link-new-window\" title=\"http:\/\/www.blofield.de\/\" href=\"http:\/\/www.blofield.de\/\" target=\"_self\" rel=\"noopener\">Studio Bl\u00e5field<\/a>, Kassel, Germany<\/p>\n<p>The implementation of the download offer via AODP was funded by the Federal Government Commissioner for Culture and the Media (BKM).<br \/>\n<a class=\"external-link-new-window\" href=\"https:\/\/www.bundesregierung.de\/breg-de\/bundesregierung\/staatsministerin-fuer-kultur-und-medien\" target=\"_blank\" rel=\"noopener\">www.kulturstaatsministerin.de<\/a><\/p>\n\r\n\t\t<\/div>\r\n\t<div class=\"grve-element grve-divider brv-custom-divider\"><div class=\"grve-line-divider grve-border\"><\/div><\/div><div class=\"grve-element grve-text\">\r\n\t\t\t<p><strong>Legal notices<\/strong><\/p>\n<p>B\u00e4renreiter-Verlag does not participate in dispute resolution procedures before consumer arbitration boards.<\/p>\n<p>Disclaimer: In spite of meticulous monitoring of the contents we accept no liability for the content of external links. The responsibility for the content of linked pages lies solely with those operators.<\/p>\n<p>All the content of this website is copyrighted. All rights, include the translations, the stress and the multiplication of the content or parts of it, are reserved.<\/p>\n<p>Prices and delivery terms are subject to change, errors excepted.<\/p>\n\r\n\t\t<\/div>\r\n\t<\/div><\/div><\/div><div class=\"grve-column wpb_column grve-bookmark grve-column-1-5  grve-with-bg-transparent grve-empty-column\"><div class=\"grve-column-wrapper\"><div class=\"grve-column-content\" ><\/div><\/div><\/div><\/div><\/div><\/div>\n"},"excerpt":{"rendered":"<div class=\"grve-section grve-row-section grve-fullwidth-background grve-padding-top-1x grve-padding-bottom-1x grve-with-bg-transparent\" data-header-color=\"default\"><div class=\"grve-container\"><div class=\"grve-row grve-bookmark grve-columns-gap-default grve-mobile-vertical-gap-30\"><div class=\"grve-column wpb_column grve-bookmark grve-column-1  grve-with-bg-transparent\"><div class=\"grve-column-wrapper\"><div class=\"grve-column-content\" ><h2 class=\"grve-element grve-title grve-align-center grve-h3\"><span>Imprint<\/span><\/h2><div class=\"grve-element grve-divider brv-custom-divider\"><div class=\"grve-line-divider grve-border\"><\/div><\/div><\/div><\/div><\/div><div class=\"grve-column wpb_column grve-bookmark grve-column-1-5  grve-with-bg-transparent grve-empty-column\"><div class=\"grve-column-wrapper\"><div class=\"grve-column-content\" ><\/div><\/div><\/div><div class=\"grve-column wpb_column grve-bookmark grve-column-3-5  grve-with-bg-transparent\"><div class=\"grve-column-wrapper\"><div class=\"grve-column-content\" ><div class=\"grve-element grve-text\">\r\n\t\t\t<p>B\u00e4renreiter-Verlag Karl V\u00f6tterle GmbH &amp; Co. KG<br \/>\nHeinrich-Sch\u00fctz-Allee 35-37<br \/>\n34131 Kassel<br \/>\nGermany<\/p>\n<p>Phone: +49 561 3105-0<br \/>\nFax: +49 561 3105-240<br \/>\n<a class=\"mail\" title=\"\u00d6ffnet ein Fenster zum Versenden der E-Mail\">info@baerenreiter.com\u00a0<\/a><br \/>\n<a class=\"external-link-new-window\" title=\"http:\/\/www.baerenreiter.com\/\" href=\"http:\/\/www.baerenreiter.com\/\" target=\"_blank\" rel=\"noopener\">www.baerenreiter.com<\/a><\/p>\n<p>Managing Directors: Prof. h.c. Barbara Scheuch-V\u00f6tterle, Leonhard Scheuch, Clemens Scheuch<br \/>\nCompanies&#8217; Register: Registergericht Kassel HRA 6553<br \/>\nKomplement\u00e4rin: V\u00f6tterle-Verm\u00f6gensverwaltungs-GmbH Kassel HR B 3965<br \/>\nVAT-No.: DE113096830<\/p>\n<p>Technology:\u00a0<a class=\"external-link-new-window\" href=\"https:\/\/www.datawerk.de\/\" target=\"_blank\" rel=\"noopener\">datawerk_<\/a>, Kassel, Germany<br \/>\nDatabase:\u00a0<a class=\"external-link-new-window\" title=\"http:\/\/www.de-parcon.de\" href=\"http:\/\/www.de-parcon.de\/\" target=\"_self\" rel=\"noopener\">DE-PARCON<\/a>, H\u00fcrth, Germany<br \/>\nPhotographs complete edition: Paavo Bl\u00e5field,\u00a0<a class=\"external-link-new-window\" title=\"http:\/\/www.blofield.de\/\" href=\"http:\/\/www.blofield.de\/\" target=\"_self\" rel=\"noopener\">Studio Bl\u00e5field<\/a>, Kassel, Germany<\/p>\n<p>The implementation of the download offer via AODP was funded by the Federal Government Commissioner for Culture and the Media (BKM).<br \/>\n<a class=\"external-link-new-window\" href=\"https:\/\/www.bundesregierung.de\/breg-de\/bundesregierung\/staatsministerin-fuer-kultur-und-medien\" target=\"_blank\" rel=\"noopener\">www.kulturstaatsministerin.de<\/a><\/p>\n\r\n\t\t<\/div>\r\n\t<div class=\"grve-element grve-divider brv-custom-divider\"><div class=\"grve-line-divider grve-border\"><\/div><\/div><div class=\"grve-element grve-text\">\r\n\t\t\t<p><strong>Legal notices<\/strong><\/p>\n<p>B\u00e4renreiter-Verlag does not participate in dispute resolution procedures before consumer arbitration boards.<\/p>\n<p>Disclaimer: In spite of meticulous monitoring of the contents we accept no liability for the content of external links. The responsibility for the content of linked pages lies solely with those operators.<\/p>\n<p>All the content of this website is copyrighted. All rights, include the translations, the stress and the multiplication of the content or parts of it, are reserved.<\/p>\n<p>Prices and delivery terms are subject to change, errors excepted.<\/p>\n\r\n\t\t<\/div>\r\n\t<\/div><\/div><\/div><div class=\"grve-column wpb_column grve-bookmark grve-column-1-5  grve-with-bg-transparent grve-empty-column\"><div class=\"grve-column-wrapper\"><div class=\"grve-column-content\" ><\/div><\/div><\/div><\/div><\/div><\/div>\n"},"author":11,"featured_media":0,"parent":0,"menu_order":70,"comment_status":"closed","ping_status":"closed","template":"","meta":{"_acf_changed":false,"_vp_format_video_url":"","_vp_image_focal_point":[],"_vp_custom_popup_image":0,"_vp_format_audio_url":"","_vp_album_images":[],"_vp_custom_thumbnail":0,"_vp_custom_thumbnail_focal_point":[],"_vp_custom_thumbnail_cover":0,"_vp_hover_thumbnail":0,"_vp_hover_thumbnail_focal_point":[],"footnotes":""},"class_list":["post-6751","page","type-page","status-publish","hentry","grve-entry-item"],"acf":[],"wpml_current_locale":"en_US","wpml_translations":{"de_DE":{"locale":"de_DE","id":6748,"slug":"impressum","post_title":"Impressum","href":"https:\/\/emag.baerenreiter.com\/impressum\/"}},"_links":{"self":[{"href":"https:\/\/emag.baerenreiter.com\/en\/wp-json\/wp\/v2\/pages\/6751","targetHints":{"allow":["GET"]}}],"collection":[{"href":"https:\/\/emag.baerenreiter.com\/en\/wp-json\/wp\/v2\/pages"}],"about":[{"href":"https:\/\/emag.baerenreiter.com\/en\/wp-json\/wp\/v2\/types\/page"}],"author":[{"embeddable":true,"href":"https:\/\/emag.baerenreiter.com\/en\/wp-json\/wp\/v2\/users\/11"}],"replies":[{"embeddable":true,"href":"https:\/\/emag.baerenreiter.com\/en\/wp-json\/wp\/v2\/comments?post=6751"}],"version-history":[{"count":3,"href":"https:\/\/emag.baerenreiter.com\/en\/wp-json\/wp\/v2\/pages\/6751\/revisions"}],"predecessor-version":[{"id":18888,"href":"https:\/\/emag.baerenreiter.com\/en\/wp-json\/wp\/v2\/pages\/6751\/revisions\/18888"}],"wp:attachment":[{"href":"https:\/\/emag.baerenreiter.com\/en\/wp-json\/wp\/v2\/media?parent=6751"}],"curies":[{"name":"wp","href":"https:\/\/api.w.org\/{rel}","templated":true}]}}

<div class="grve-section grve-row-section grve-fullwidth-background grve-padding-top-1x grve-padding-bottom-1x grve-with-bg-transparent" data-header-color="default"><div class="grve-container"><div class="grve-row grve-bookmark grve-columns-gap-default grve-mobile-vertical-gap-30"><div class="grve-column wpb_column grve-bookmark grve-column-1  grve-with-bg-transparent"><div class="grve-column-wrapper"><div class="grve-column-content" ><h2 class="grve-element grve-title grve-align-center grve-h3"><span>Imprint</span></h2><div class="grve-element grve-divider brv-custom-divider"><div class="grve-line-divider grve-border"></div></div></div></div></div><div class="grve-column wpb_column grve-bookmark grve-column-1-5  grve-with-bg-transparent grve-empty-column"><div class="grve-column-wrapper"><div class="grve-column-content" ></div></div></div><div class="grve-column wpb_column grve-bookmark grve-column-3-5  grve-with-bg-transparent"><div class="grve-column-wrapper"><div class="grve-column-content" ><div class="grve-element grve-text">
			<p>Bärenreiter-Verlag Karl Vötterle GmbH &amp; Co. KG<br />
Heinrich-Schütz-Allee 35-37<br />
34131 Kassel<br />
Germany</p>
<p>Phone: +49 561 3105-0<br />
Fax: +49 561 3105-240<br />
<a class="mail" title="Öffnet ein Fenster zum Versenden der E-Mail">info@baerenreiter.com </a><br />
<a class="external-link-new-window" title="http://www.baerenreiter.com/" href="http://www.baerenreiter.com/" target="_blank" rel="noopener">www.baerenreiter.com</a></p>
<p>Managing Directors: Prof. h.c. Barbara Scheuch-Vötterle, Leonhard Scheuch, Clemens Scheuch<br />
Companies&#8217; Register: Registergericht Kassel HRA 6553<br />
Komplementärin: Vötterle-Vermögensverwaltungs-GmbH Kassel HR B 3965<br />
VAT-No.: DE113096830</p>
<p>Technology: <a class="external-link-new-window" href="https://www.datawerk.de/" target="_blank" rel="noopener">datawerk_</a>, Kassel, Germany<br />
Database: <a class="external-link-new-window" title="http://www.de-parcon.de" href="http://www.de-parcon.de/" target="_self" rel="noopener">DE-PARCON</a>, Hürth, Germany<br />
Photographs complete edition: Paavo Blåfield, <a class="external-link-new-window" title="http://www.blofield.de/" href="http://www.blofield.de/" target="_self" rel="noopener">Studio Blåfield</a>, Kassel, Germany</p>
<p>The implementation of the download offer via AODP was funded by the Federal Government Commissioner for Culture and the Media (BKM).<br />
<a class="external-link-new-window" href="https://www.bundesregierung.de/breg-de/bundesregierung/staatsministerin-fuer-kultur-und-medien" target="_blank" rel="noopener">www.kulturstaatsministerin.de</a></p>

		</div>
	<div class="grve-element grve-divider brv-custom-divider"><div class="grve-line-divider grve-border"></div></div><div class="grve-element grve-text">
			<p><strong>Legal notices</strong></p>
<p>Bärenreiter-Verlag does not participate in dispute resolution procedures before consumer arbitration boards.</p>
<p>Disclaimer: In spite of meticulous monitoring of the contents we accept no liability for the content of external links. The responsibility for the content of linked pages lies solely with those operators.</p>
<p>All the content of this website is copyrighted. All rights, include the translations, the stress and the multiplication of the content or parts of it, are reserved.</p>
<p>Prices and delivery terms are subject to change, errors excepted.</p>

		</div>
	</div></div></div><div class="grve-column wpb_column grve-bookmark grve-column-1-5  grve-with-bg-transparent grve-empty-column"><div class="grve-column-wrapper"><div class="grve-column-content" ></div></div></div></div></div></div>
